
Suppose 2*c - c = 3*m - 4, 4*m - 2 = -2*c. Let d be (m + 142/8)/(54/216). Calculate the greatest common divisor of 45 and d.
15
Suppose -4*l + 6 = -l. Let u = l + 4. Let m be (-20)/5 + 60/6. Calculate the highest common factor of u and m.
6
Let x(v) = v**3 + 31*v**2 + 25*v - 6. Let i = -170 - -140. Let r be x(i). What is the highest common factor of 96 and r?
48
Let j be (1404/90)/(44/10 + -4). Let l(b) = 4*b**2 + 2*b + 1. Let m be l(-1). What is the greatest common factor of m and j?
3
Let i be ((-88)/(-99))/(2/6)*108. Suppose i = -j + 3*j. Suppose 6*u - 113 = -17. Calculate the greatest common divisor of j and u.
16
Let r(q) = 13*q + 99. Let w be (0 + 1)/((-15)/105). Let y be r(w). Calculate the greatest common factor of y and 1.
1
Suppose -v = -7*t + 4*t + 199, -5*v - 191 = -3*t. Suppose -68*w + t*w = -45. Let k = 16 + -7. Calculate the highest common factor of w and k.
9
Suppose 4*t - 4 = 0, 3*t + 56 = 2*x - t. Let q be 10 + -10 - 36/(-2). What is the highest common factor of q and x?
6
Suppose -9*u + 2 = -16. Let y be 1*0*(3/u - 1). Suppose -12*t + y + 204 = 0. Calculate the greatest common factor of 68 and t.
17
Let g(z) = -z - 12. Let x be g(-12). Let l be x - (-2 + 3)*-4. Let a(b) = -b**2 - 10*b - 5. Let w be a(-9). What is the highest common divisor of l and w?
4
Let u = -12029 + 16107. What is the highest common divisor of u and 2?
2
Let w be 6 - (10 - 6) - 5. Let x be 4/(-14) + (w - (-210)/49). What is the greatest common divisor of 27 and x?
1
Suppose 2*g + l - 17903 = 0, 2073*l = -2*g + 2075*l + 17924. Calculate the greatest common divisor of 180 and g.
45
Let a be 2*((-3)/(-9))/((-4)/(-372)). Suppose 57*w + 25 = a*w. Suppose 10 = -2*j, 3*j + 7 = -2*q - 4. What is the greatest common divisor of w and q?
1
Let r be 0 + -1 + 1177 + 40/(-5). What is the greatest common factor of r and 16?
16
Let t = -1742 - -1766. Let s be 5/1*(-2)/(-5). Let g = t + s. What is the highest common factor of 2 and g?
2
Let q(k) = k**2 - k + 10. Let n be q(0). Suppose -s = 5*l + 1066, -2*s - 2*s = 4*l + 856. Let v = l + 248. What is the highest common factor of v and n?
5
Suppose -2*j = 3*f - 5*j - 222, 2*j + 302 = 4*f. Let g(h) = -80*h - 3273. Let q be g(-41). What is the highest common divisor of f and q?
7
Let q(u) = 4*u**2 + 4*u + 27. Let z be q(-12). Let l = z - 405. Calculate the highest common divisor of 60 and l.
30
Let a be (88/(-18))/((-88)/4356). Let n be 2/(-1) + 48/2. What is the highest common divisor of n and a?
22
Suppose -4*f - q = -61, 5*f - q = 56 + 9. Suppose f = -4*p + 58. Calculate the greatest common factor of 176 and p.
11
Let r(f) = 247*f - 243. Let o be r(1). What is the greatest common factor of 1152 and o?
4
Let r = -2140 - -5484. Calculate the greatest common factor of r and 32.
16
Let i = 25 + -33. Let p be 180/i*(-6)/5. Suppose 0 = -p*d + 23*d + 468. What is the greatest common factor of d and 13?
13
Let r = 3923 + -3013. Calculate the greatest common divisor of 630 and r.
70
Suppose -19*d - h = -20*d + 265, 0 = 4*h - 4. Calculate the highest common divisor of 378 and d.
14
Suppose 5*x - 3*s = -4883, 5*x + 7*s - 5*s = -4903. Let m = -694 - x. What is the greatest common factor of m and 5?
5
Let m(p) = p**2 + 39*p - 350. Let j be m(8). Suppose 2*t + 2*t + 4*l - 784 = 0, -4*t - 3*l + 783 = 0. Calculate the highest common divisor of t and j.
13
Let t be (-558 + 556)/(1/(-56)). Calculate the highest common divisor of t and 6144.
16
Suppose 9*b - 12*b = -o + 348, 1740 = 5*o - 5*b. What is the greatest common divisor of 3712 and o?
116
Let s = -580 - -575. Let b be (30/4)/(s/10)*-103. Calculate the greatest common factor of b and 103.
103
Suppose 12*d + 6*d - 190 = -46. What is the greatest common factor of 1304 and d?
8
Let a = 76 - 56. Let d(y) = -y**3 + 9*y**2 - 6*y - 16. Let i be d(8). Suppose b - 2*x - 127 = x, i = -4*x - a. What is the highest common divisor of b and 28?
28
Let f(c) = c**2 + 7*c + 4. Let r = 106 - 113. Let o be f(r). Suppose -o*v = 22 - 54. What is the highest common divisor of 28 and v?
4
Let s(q) = -56*q + 38. Let t be s(-2). Suppose 5*v = 249 + 126. What is the highest common divisor of t and v?
75
Let u(a) = -a. Let l(c) = c**2 + 12*c - 10. Let s(h) = -l(h) + 3*u(h). Let k be s(-11). What is the highest common divisor of k and 18?
18
Suppose 4*j - 3*o + 46 = 9*j, -12 = -2*j + 2*o. Let f be 1/j - 4/((-192)/3642). Calculate the greatest common factor of f and 4.
4
Let o = -22 + 22. Let y be -1 + 0 + 5 - o/(-11). Suppose 3*f + 116 = 6*f - q, -y*f + q + 155 = 0. Calculate the greatest common factor of f and 156.
39
Suppose 1056 = 4*l - 3*a, -5*a - 1320 = -6*l + l. What is the highest common divisor of l and 1408?
88
Suppose 3*c - 5*c + 4*g = -296, 0 = 5*c + 3*g - 753. Suppose -a = 4*d - 70, -d - 194 = -4*a + 171. Calculate the greatest common factor of c and a.
30
Suppose -j - 276 = -4*y - 5*j, -2*y + 126 = -2*j. Suppose -30*m - y = -41*m. What is the greatest common divisor of 168 and m?
6
Suppose 3*p - 41 = -4*o, -9*p + 4*o - 64 = -13*p. Calculate the greatest common divisor of 5359 and p.
23
Suppose 28*y + 11*y = -21*y + 57240. What is the highest common factor of y and 742?
106
Suppose 0 = -4*y + 5*w + 2034, -4*y + 1211 = 4*w - 805. What is the greatest common factor of y and 176?
22
Let i = 443 - 447. Let w(d) = 12*d - 2. Let x be w(1). Let j be 27 - i/(-5)*x/4. What is the highest common divisor of j and 10?
5
Let y be 630/33 - 1308/1199. Calculate the highest common factor of 261 and y.
9
Let x = 17552 + -12974. Calculate the greatest common divisor of 30 and x.
6
Let s(o) = -o**3 + 6*o**2 + 5*o - 4. Let q be s(5). Suppose 0 = -65*t + 12898 + 9527. Suppose 3*u + t = 6*u. What is the greatest common factor of q and u?
23
Suppose 29 = 2*a + a - 4*p, 0 = -a - 5*p - 22. Suppose -a*g = 2*t - 676, -12 = 2*t + t. What is the greatest common factor of g and 12?
12
Let g be (-4 - (268 - 4))*((-38)/(-8) + -5). What is the greatest common divisor of 4087 and g?
67
Let d be ((-3)/12)/((-5)/1140). Let v be d*(-4)/(-8)*14/3. Suppose 2*i = o - 29, 0*o - 2*i = o - 9. What is the greatest common factor of v and o?
19
Suppose 0 = d + z - 63, 4*d + 3*z - z - 262 = 0. Calculate the highest common divisor of d and 51.
17
Suppose -2*d = -5*r - 63, -5*r = 4*d + 7 - 118. Suppose -3*j - d + 55 = g, -4*j = 3*g - 103. Calculate the greatest common divisor of g and 164.
41
Let h be (-1 + -1)/(5 - 609/119). Suppose 337 = h*w - 105. What is the greatest common factor of 143 and w?
13
Let j be ((-6386)/412)/((-3)/4566). Calculate the greatest common factor of j and 31.
31
Let t(g) = -34*g - 143. Let n be t(-6). Let b = 141 - n. Calculate the highest common factor of 80 and b.
80
Let o(h) = 11*h - 25. Let n be -2*1/4*(2 - -76). Let i = n - -44. Let t be o(i). Calculate the greatest common divisor of 6 and t.
6
Let q = -15103 - -15148. What is the highest common divisor of 42345 and q?
45
Suppose -3*a + 73 = 5*t, -12*t - 35 = -7*t. Let s(x) be the first derivative of 4*x**2 + 2*x + 1. Let n be s(2). Calculate the highest common factor of a and n.
18
Let j = -591 - -601. Suppose -t + 11*t - j = 0. Calculate the greatest common divisor of t and 8.
1
Suppose -h = 3*h - 4*k - 1700, 3*h + k - 1267 = 0. Suppose 0 = 5*j - 4*f - 470, 4*j - 5*f + 171 - 547 = 0. What is the highest common factor of h and j?
47
Let m = 2491 + -2406. Calculate the highest common factor of 3655 and m.
85
Suppose 0 = 21*q + 53*q + 11*q - 16320. What is the greatest common divisor of 34 and q?
2
Suppose 0 = 96*i - 90*i - 24. Suppose m - 10 = -r - 7, -i*r + 2 = -m. Let g be (-9)/2*4/(-3). Calculate the highest common divisor of m and g.
2
Let u(v) = -4*v**2 + 8 + 3*v + 19 - 2*v**3 - 24. Let z be u(-6). Calculate the highest common factor of 42 and z.
21
Let b = 4242 + -4234. Calculate the greatest common factor of 137 and b.
1
Suppose -3*k + x + 182 = 0, -k = -5*x + 7*x - 56. Calculate the greatest common divisor of 135 and k.
15
Let i = -692 - -1297. Let a = i + -187. What is the highest common divisor of 38 and a?
38
Let p(f) = 110*f + 1939. Let q be p(-17). Calculate the highest common divisor of 75 and q.
3
Let l = -35 - -43. Suppose 500 = 9*h + 16*h. What is the greatest common factor of h and l?
4
Let t be (-2)/5 - 145611*(-12)/180. Calculate the highes